{"id":16,"date":"2020-07-09T08:58:27","date_gmt":"2020-07-09T08:58:27","guid":{"rendered":"https:\/\/cerebro.tkdemos.co\/?page_id=16"},"modified":"2025-04-12T11:40:53","modified_gmt":"2025-04-12T15:40:53","slug":"contacto","status":"publish","type":"page","link":"https:\/\/tiempoensalud.cl\/grado\/contacto\/","title":{"rendered":"Contacto"},"content":{"rendered":"\n<h3 class=\"wp-block-heading\">\u00bfQuieres mayor informaci\u00f3n? Cont\u00e1ctanos a trav\u00e9s de este formulario.<\/h3>\n\n\n\n<p>Talk to you soon!<\/p>\n\n\n<div class=\"wp-block-jetpack-contact-form\"><a href=\"https:\/\/tiempoensalud.cl\/grado\/contacto\/\" target=\"_blank\" rel=\"noopener noreferrer\">Env\u00eda un formulario.<\/a><\/div>","protected":false},"excerpt":{"rendered":"<p>\u00bfQuieres mayor informaci\u00f3n? Cont\u00e1ctanos a trav\u00e9s de este formulario. Talk to you soon!<\/p>\n","protected":false},"author":1,"featured_media":0,"parent":0,"menu_order":0,"comment_status":"closed","ping_status":"closed","template":"","meta":{"footnotes":""},"coauthors":[],"class_list":["post-16","page","type-page","status-publish","hentry"],"jetpack_sharing_enabled":false,"_links":{"self":[{"href":"https:\/\/tiempoensalud.cl\/grado\/wp-json\/wp\/v2\/pages\/16","targetHints":{"allow":["GET"]}}],"collection":[{"href":"https:\/\/tiempoensalud.cl\/grado\/wp-json\/wp\/v2\/pages"}],"about":[{"href":"https:\/\/tiempoensalud.cl\/grado\/wp-json\/wp\/v2\/types\/page"}],"author":[{"embeddable":true,"href":"https:\/\/tiempoensalud.cl\/grado\/wp-json\/wp\/v2\/users\/1"}],"replies":[{"embeddable":true,"href":"https:\/\/tiempoensalud.cl\/grado\/wp-json\/wp\/v2\/comments?post=16"}],"version-history":[{"count":1,"href":"https:\/\/tiempoensalud.cl\/grado\/wp-json\/wp\/v2\/pages\/16\/revisions"}],"predecessor-version":[{"id":2461,"href":"https:\/\/tiempoensalud.cl\/grado\/wp-json\/wp\/v2\/pages\/16\/revisions\/2461"}],"wp:attachment":[{"href":"https:\/\/tiempoensalud.cl\/grado\/wp-json\/wp\/v2\/media?parent=16"}],"wp:term":[{"taxonomy":"author","embeddable":true,"href":"https:\/\/tiempoensalud.cl\/grado\/wp-json\/wp\/v2\/coauthors?post=16"}],"curies":[{"name":"wp","href":"https:\/\/api.w.org\/{rel}","templated":true}]}}